{"id":18,"date":"2021-12-30T16:01:48","date_gmt":"2021-12-30T15:01:48","guid":{"rendered":"http:\/\/vicdeba.be\/?page_id=18"},"modified":"2022-03-06T17:31:53","modified_gmt":"2022-03-06T16:31:53","slug":"home","status":"publish","type":"page","link":"https:\/\/vicdeba.be\/","title":{"rendered":"Home"},"content":{"rendered":"\n<div class=\"wp-block-cover alignfull is-light hestia-clear-top-padding\"><span aria-hidden=\"true\" class=\"has-background-color-background-color has-background-dim-100 wp-block-cover__gradient-background has-background-dim\"><\/span><div class=\"wp-block-cover__inner-container is-layout-flow wp-block-cover-is-layout-flow\">\n<h2 class=\"has-text-align-center has-text-color wp-block-heading\" id=\"pour-un-peu-mieux-me-connaitre\" style=\"color:#3c4858\">Pour un peu mieux me conna\u00eetre<\/h2>\n\n\n\n<p>Psychologue clinicienne (UCL), je propose des entretiens individuels aux adultes et jeunes adultes. Au d\u00e9part d\u2019un sentiment de mal-\u00eatre ou de souffrance, la personne peut prendre un premier rendez-vous afin d\u2019aborder ensemble, dans un climat serein et bienveillant, l\u2019objet de la demande ainsi que les modalit\u00e9s de la prise en charge (n\u00e9cessit\u00e9 d\u2019un travail th\u00e9rapeutique, quel type de travail, quelle dur\u00e9e, \u2026)<br>Les difficult\u00e9s abord\u00e9es peuvent \u00eatre multiples, simples ou complexes et concerner divers secteurs de l\u2019existence&nbsp;: l\u2019anxi\u00e9t\u00e9, la d\u00e9pression, la perte de sens, le burn-out, les difficult\u00e9s affectives et relationnelles, les troubles de la personnalit\u00e9, les troubles du comportement alimentaire, les probl\u00e9matiques d\u2019abus et de d\u00e9pendance, avec ou sans produit \u2026<\/p>\n\n\n\n<p>Mon travail de th\u00e9rapeute en h\u00f4pital psychiatrique, ma formation en criminologie (UCL) et en ethnopsychiatrie (Paris) me permettent \u00e9galement d\u2019aborder des probl\u00e9matiques plus sp\u00e9cifiques (troubles psychotiques, violence, d\u00e9linquance, identit\u00e9 culturelle multiple, couple mixte,\u2026).<\/p>\n\n\n\n<div class=\"wp-block-buttons is-layout-flex wp-block-buttons-is-layout-flex\">\n<div class=\"wp-block-button has-custom-font-size is-style-fill has-medium-font-size\"><a class=\"wp-block-button__link has-accent-background-color has-background\" href=\"https:\/\/vicdeba.be\/wp-content\/uploads\/2022\/01\/Curriculum-Vitae-.pdf\" style=\"border-radius:5px\" target=\"_blank\" rel=\"noreferrer noopener\">Mon CV en entier<\/a><\/div>\n<\/div>\n\n\n\n<div style=\"height:50px\" aria-hidden=\"true\" class=\"wp-block-spacer\"><\/div>\n\n\n\n<blockquote class=\"wp-block-quote is-style-large is-layout-flow wp-block-quote-is-layout-flow\"><p>\u201cParler est un besoin, \u00e9couter est un art.\u201d<\/p><cite>Johann Wolfgang von Goethe<\/cite><\/blockquote>\n\n\n\n<div class=\"wp-block-columns is-layout-flex wp-container-core-columns-is-layout-9d6595d7 wp-block-columns-is-layout-flex\">\n<div class=\"wp-block-column is-layout-flow wp-block-column-is-layout-flow\" style=\"flex-basis:50%\">\n<p class=\"has-text-align-center has-black-color has-text-color\"><strong>La Premi\u00e8re Radio Podcast<\/strong><\/p>\n\n\n\n<div class=\"wp-block-image\"><figure class=\"aligncenter size-medium is-resized\"><a href=\"https:\/\/www.rtbf.be\/auvio\/detail_tendances-dossier?id=2469171&amp;fbclid=IwAR0yUh2KilTsxG4zAXwMMGdkwSXPJqiIYYMTh-aMscp-z05W0boEH201SL8\" target=\"_blank\" rel=\"noopener\"><img loading=\"lazy\" decoding=\"async\" src=\"https:\/\/vicdeba.be\/wp-content\/uploads\/2022\/01\/rtbf_auvio-300x168.png\" alt=\"\" class=\"wp-image-129\" width=\"300\" height=\"168\" srcset=\"https:\/\/vicdeba.be\/wp-content\/uploads\/2022\/01\/rtbf_auvio-300x168.png 300w, https:\/\/vicdeba.be\/wp-content\/uploads\/2022\/01\/rtbf_auvio-1024x573.png 1024w, https:\/\/vicdeba.be\/wp-content\/uploads\/2022\/01\/rtbf_auvio-768x430.png 768w, https:\/\/vicdeba.be\/wp-content\/uploads\/2022\/01\/rtbf_auvio.png 1165w\" sizes=\"auto, (max-width: 300px) 100vw, 300px\" \/><\/a><\/figure><\/div>\n\n\n\n<p class=\"has-text-align-center has-black-color has-text-color\"><strong>LA PREMI\u00c8RE &#8211; Lifestyle<\/strong><\/p>\n\n\n\n<p class=\"has-text-align-center has-black-color has-text-color\">La r\u00e9alit\u00e9 de l&rsquo;internement<\/p>\n\n\n\n<p>\u00ab\u00a0Les gens qui souffrent de maladies mentales sont bien plus souvent victimes de violences qu&rsquo;auteurs\u00a0\u00bb<\/p>\n<\/div>\n\n\n\n<div class=\"wp-block-column is-layout-flow wp-block-column-is-layout-flow\" style=\"flex-basis:50%\">\n<p class=\"has-text-align-center has-black-color has-text-color\"><strong>Vid\u00e9o Youtube<\/strong><\/p>\n\n\n\n<div class=\"wp-block-image\"><figure class=\"aligncenter size-medium is-resized\"><a href=\"https:\/\/www.youtube.com\/watch?v=KD2OsaoeUVU\" target=\"_blank\" rel=\"noopener\"><img loading=\"lazy\" decoding=\"async\" src=\"https:\/\/vicdeba.be\/wp-content\/uploads\/2021\/12\/hq720-300x168.webp\" alt=\"\" class=\"wp-image-58\" width=\"300\" height=\"168\" srcset=\"https:\/\/vicdeba.be\/wp-content\/uploads\/2021\/12\/hq720-300x168.webp 300w, https:\/\/vicdeba.be\/wp-content\/uploads\/2021\/12\/hq720.webp 360w\" sizes=\"auto, (max-width: 300px) 100vw, 300px\" \/><\/a><\/figure><\/div>\n\n\n\n<p class=\"has-text-align-center has-black-color has-text-color\"><strong>PETIT ESSAI IMPERTINENT SUR L&rsquo;INTERNEMENT<\/strong><\/p>\n\n\n\n<p class=\"has-text-align-center has-black-color has-text-color\">Pierre Schepens, Virginie De Baeremaeker<\/p>\n<\/div>\n<\/div>\n\n\n\n<div style=\"height:40px\" aria-hidden=\"true\" class=\"wp-block-spacer\"><\/div>\n<\/div><\/div>\n\n\n\n<div style=\"height:25px\" aria-hidden=\"true\" class=\"wp-block-spacer\"><\/div>\n\n\n\n<div class=\"wp-block-columns is-layout-flex wp-container-core-columns-is-layout-9d6595d7 wp-block-columns-is-layout-flex\">\n<div class=\"wp-block-column is-layout-flow wp-block-column-is-layout-flow\" style=\"flex-basis:33.33%\">\n<figure class=\"wp-block-image size-large\"><img loading=\"lazy\" decoding=\"async\" width=\"1024\" height=\"751\" src=\"https:\/\/vicdeba.be\/wp-content\/uploads\/2022\/01\/essais_internement-1024x751.jpg\" alt=\"\" class=\"wp-image-292\" srcset=\"https:\/\/vicdeba.be\/wp-content\/uploads\/2022\/01\/essais_internement-1024x751.jpg 1024w, https:\/\/vicdeba.be\/wp-content\/uploads\/2022\/01\/essais_internement-300x220.jpg 300w, https:\/\/vicdeba.be\/wp-content\/uploads\/2022\/01\/essais_internement-768x563.jpg 768w, https:\/\/vicdeba.be\/wp-content\/uploads\/2022\/01\/essais_internement.jpg 1200w\" sizes=\"auto, (max-width: 1024px) 100vw, 1024px\" \/><\/figure>\n<\/div>\n\n\n\n<div class=\"wp-block-column is-layout-flow wp-block-column-is-layout-flow\" style=\"flex-basis:66.66%\">\n<h3 class=\"has-white-color has-text-color wp-block-heading\" id=\"petit-essai-impertinent-sur-l-internement\">Petit essai impertinent sur l&rsquo;internement<\/h3>\n\n\n\n<p>Ce petit essai s\u2019adresse \u00e0 tous les curieux, les inquiets, les indign\u00e9s, ceux qui savent et ceux qui apprennent, qu\u2019ils soient m\u00e9decins, juristes, prisonniers ou simples citoyens, fous ou sains d\u2019esprit\u2026<\/p>\n\n\n\n<div class=\"wp-block-buttons is-layout-flex wp-block-buttons-is-layout-flex\">\n<div class=\"wp-block-button has-custom-font-size has-medium-font-size\"><a class=\"wp-block-button__link has-white-color has-accent-background-color has-text-color has-background\" href=\"https:\/\/www.fr.fnac.be\/a12954355\/Pierre-Schepens-Petit-essai-impertinent-sur-l-internement\" style=\"border-radius:5px\" target=\"_blank\" rel=\"noreferrer noopener\">Acheter mon livre<\/a><\/div>\n<\/div>\n<\/div>\n<\/div>\n\n\n\n<div style=\"height:25px\" aria-hidden=\"true\" class=\"wp-block-spacer\"><\/div>\n\n\n\n<hr class=\"wp-block-separator is-style-wide\"\/>\n\n\n\n<div class=\"wp-block-columns container is-layout-flex wp-container-core-columns-is-layout-9d6595d7 wp-block-columns-is-layout-flex\">\n<div class=\"wp-block-column col-md-5 is-layout-flow wp-block-column-is-layout-flow\">\n<div style=\"height:55px\" aria-hidden=\"true\" class=\"wp-block-spacer\"><\/div>\n\n\n\n<h3 class=\"has-white-color has-text-color wp-block-heading\" id=\"evenements\">Ev\u00e9nements<\/h3>\n\n\n\n<p>Plus de d\u00e9tails sur les \u00e9v\u00e9nements pass\u00e9s ou \u00e0 venir? <\/p>\n\n\n\n<div style=\"height:25px\" aria-hidden=\"true\" class=\"wp-block-spacer\"><\/div>\n\n\n\n<div class=\"wp-block-buttons is-layout-flex wp-block-buttons-is-layout-flex\">\n<div class=\"wp-block-button has-custom-font-size has-medium-font-size\"><a class=\"wp-block-button__link has-white-color has-accent-background-color has-text-color has-background\" href=\"https:\/\/vicdeba.be\/index.php\/evenements\/\" style=\"border-radius:5px\">Voir tous les \u00e9v\u00e9nements<\/a><\/div>\n<\/div>\n<\/div>\n\n\n\n<div class=\"wp-block-column col-md-6 col-md-offset1 is-layout-flow wp-block-column-is-layout-flow\">\n<div style=\"height:55px\" aria-hidden=\"true\" class=\"wp-block-spacer\"><\/div>\n\n\n\n<figure class=\"wp-block-image size-full\"><a href=\"https:\/\/vicdeba.be\/index.php\/evenements\/\"><img loading=\"lazy\" decoding=\"async\" width=\"991\" height=\"353\" src=\"https:\/\/vicdeba.be\/wp-content\/uploads\/2022\/01\/evenements.jpg\" alt=\"\" class=\"wp-image-230\" srcset=\"https:\/\/vicdeba.be\/wp-content\/uploads\/2022\/01\/evenements.jpg 991w, https:\/\/vicdeba.be\/wp-content\/uploads\/2022\/01\/evenements-300x107.jpg 300w, https:\/\/vicdeba.be\/wp-content\/uploads\/2022\/01\/evenements-768x274.jpg 768w\" sizes=\"auto, (max-width: 991px) 100vw, 991px\" \/><\/a><\/figure>\n\n\n\n<p><\/p>\n<\/div>\n<\/div>\n\n\n\n<div style=\"height:25px\" aria-hidden=\"true\" class=\"wp-block-spacer\"><\/div>\n","protected":false},"excerpt":{"rendered":"<p>Petit essai impertinent sur l&rsquo;internement Ce petit essai s\u2019adresse \u00e0 tous les curieux, les inquiets, les indign\u00e9s, ceux qui savent et ceux qui apprennent, qu\u2019ils soient m\u00e9decins, juristes, prisonniers ou simples citoyens, fous ou sains d\u2019esprit\u2026 Ev\u00e9nements Plus de d\u00e9tails sur les \u00e9v\u00e9nements pass\u00e9s ou \u00e0 venir?<\/p>\n","protected":false},"author":2,"featured_media":48,"parent":0,"menu_order":0,"comment_status":"closed","ping_status":"closed","template":"","meta":{"footnotes":""},"class_list":["post-18","page","type-page","status-publish","has-post-thumbnail","hentry"],"yoast_head":"<!-- This site is optimized with the Yoast SEO plugin v27.4 - https:\/\/yoast.com\/product\/yoast-seo-wordpress\/ -->\n<title>Home - Virginie De Baeremaeker<\/title>\n<meta name=\"robots\" content=\"index, follow, max-snippet:-1, max-image-preview:large, max-video-preview:-1\" \/>\n<link rel=\"canonical\" href=\"https:\/\/vicdeba.be\/\" \/>\n<meta property=\"og:locale\" content=\"fr_FR\" \/>\n<meta property=\"og:type\" content=\"article\" \/>\n<meta property=\"og:title\" content=\"Home - Virginie De Baeremaeker\" \/>\n<meta property=\"og:description\" content=\"Petit essai impertinent sur l&rsquo;internement Ce petit essai s\u2019adresse \u00e0 tous les curieux, les inquiets, les indign\u00e9s, ceux qui savent et ceux qui apprennent, qu\u2019ils soient m\u00e9decins, juristes, prisonniers ou simples citoyens, fous ou sains d\u2019esprit\u2026 Ev\u00e9nements Plus de d\u00e9tails sur les \u00e9v\u00e9nements pass\u00e9s ou \u00e0 venir?\" \/>\n<meta property=\"og:url\" content=\"https:\/\/vicdeba.be\/\" \/>\n<meta property=\"og:site_name\" content=\"Virginie De Baeremaeker\" \/>\n<meta property=\"article:modified_time\" content=\"2022-03-06T16:31:53+00:00\" \/>\n<meta property=\"og:image\" content=\"https:\/\/vicdeba.be\/wp-content\/uploads\/2021\/12\/tim-goedhart-vnpTRdmtQ30-unsplash-scaled.jpg\" \/>\n\t<meta property=\"og:image:width\" content=\"2560\" \/>\n\t<meta property=\"og:image:height\" content=\"1707\" \/>\n\t<meta property=\"og:image:type\" content=\"image\/jpeg\" \/>\n<meta name=\"twitter:card\" content=\"summary_large_image\" \/>\n<meta name=\"twitter:label1\" content=\"Dur\u00e9e de lecture estim\u00e9e\" \/>\n\t<meta name=\"twitter:data1\" content=\"1 minute\" \/>\n<script type=\"application\/ld+json\" class=\"yoast-schema-graph\">{\"@context\":\"https:\\\/\\\/schema.org\",\"@graph\":[{\"@type\":\"WebPage\",\"@id\":\"https:\\\/\\\/vicdeba.be\\\/\",\"url\":\"https:\\\/\\\/vicdeba.be\\\/\",\"name\":\"Home - Virginie De Baeremaeker\",\"isPartOf\":{\"@id\":\"https:\\\/\\\/vicdeba.be\\\/#website\"},\"primaryImageOfPage\":{\"@id\":\"https:\\\/\\\/vicdeba.be\\\/#primaryimage\"},\"image\":{\"@id\":\"https:\\\/\\\/vicdeba.be\\\/#primaryimage\"},\"thumbnailUrl\":\"https:\\\/\\\/vicdeba.be\\\/wp-content\\\/uploads\\\/2021\\\/12\\\/tim-goedhart-vnpTRdmtQ30-unsplash-scaled.jpg\",\"datePublished\":\"2021-12-30T15:01:48+00:00\",\"dateModified\":\"2022-03-06T16:31:53+00:00\",\"breadcrumb\":{\"@id\":\"https:\\\/\\\/vicdeba.be\\\/#breadcrumb\"},\"inLanguage\":\"fr-FR\",\"potentialAction\":[{\"@type\":\"ReadAction\",\"target\":[\"https:\\\/\\\/vicdeba.be\\\/\"]}]},{\"@type\":\"ImageObject\",\"inLanguage\":\"fr-FR\",\"@id\":\"https:\\\/\\\/vicdeba.be\\\/#primaryimage\",\"url\":\"https:\\\/\\\/vicdeba.be\\\/wp-content\\\/uploads\\\/2021\\\/12\\\/tim-goedhart-vnpTRdmtQ30-unsplash-scaled.jpg\",\"contentUrl\":\"https:\\\/\\\/vicdeba.be\\\/wp-content\\\/uploads\\\/2021\\\/12\\\/tim-goedhart-vnpTRdmtQ30-unsplash-scaled.jpg\",\"width\":2560,\"height\":1707},{\"@type\":\"BreadcrumbList\",\"@id\":\"https:\\\/\\\/vicdeba.be\\\/#breadcrumb\",\"itemListElement\":[{\"@type\":\"ListItem\",\"position\":1,\"name\":\"Accueil\",\"item\":\"https:\\\/\\\/vicdeba.be\\\/\"},{\"@type\":\"ListItem\",\"position\":2,\"name\":\"Home\"}]},{\"@type\":\"WebSite\",\"@id\":\"https:\\\/\\\/vicdeba.be\\\/#website\",\"url\":\"https:\\\/\\\/vicdeba.be\\\/\",\"name\":\"Virginie De Baeremaeker\",\"description\":\"Psychologue Clinicienne\",\"publisher\":{\"@id\":\"https:\\\/\\\/vicdeba.be\\\/#organization\"},\"potentialAction\":[{\"@type\":\"SearchAction\",\"target\":{\"@type\":\"EntryPoint\",\"urlTemplate\":\"https:\\\/\\\/vicdeba.be\\\/?s={search_term_string}\"},\"query-input\":{\"@type\":\"PropertyValueSpecification\",\"valueRequired\":true,\"valueName\":\"search_term_string\"}}],\"inLanguage\":\"fr-FR\"},{\"@type\":\"Organization\",\"@id\":\"https:\\\/\\\/vicdeba.be\\\/#organization\",\"name\":\"Virginie De Baeremaeker\",\"url\":\"https:\\\/\\\/vicdeba.be\\\/\",\"logo\":{\"@type\":\"ImageObject\",\"inLanguage\":\"fr-FR\",\"@id\":\"https:\\\/\\\/vicdeba.be\\\/#\\\/schema\\\/logo\\\/image\\\/\",\"url\":\"https:\\\/\\\/vicdeba.be\\\/wp-content\\\/uploads\\\/2022\\\/01\\\/cropped-cropped-traveling.png\",\"contentUrl\":\"https:\\\/\\\/vicdeba.be\\\/wp-content\\\/uploads\\\/2022\\\/01\\\/cropped-cropped-traveling.png\",\"width\":842,\"height\":330,\"caption\":\"Virginie De Baeremaeker\"},\"image\":{\"@id\":\"https:\\\/\\\/vicdeba.be\\\/#\\\/schema\\\/logo\\\/image\\\/\"}}]}<\/script>\n<!-- \/ Yoast SEO plugin. -->","yoast_head_json":{"title":"Home - Virginie De Baeremaeker","robots":{"index":"index","follow":"follow","max-snippet":"max-snippet:-1","max-image-preview":"max-image-preview:large","max-video-preview":"max-video-preview:-1"},"canonical":"https:\/\/vicdeba.be\/","og_locale":"fr_FR","og_type":"article","og_title":"Home - Virginie De Baeremaeker","og_description":"Petit essai impertinent sur l&rsquo;internement Ce petit essai s\u2019adresse \u00e0 tous les curieux, les inquiets, les indign\u00e9s, ceux qui savent et ceux qui apprennent, qu\u2019ils soient m\u00e9decins, juristes, prisonniers ou simples citoyens, fous ou sains d\u2019esprit\u2026 Ev\u00e9nements Plus de d\u00e9tails sur les \u00e9v\u00e9nements pass\u00e9s ou \u00e0 venir?","og_url":"https:\/\/vicdeba.be\/","og_site_name":"Virginie De Baeremaeker","article_modified_time":"2022-03-06T16:31:53+00:00","og_image":[{"width":2560,"height":1707,"url":"https:\/\/vicdeba.be\/wp-content\/uploads\/2021\/12\/tim-goedhart-vnpTRdmtQ30-unsplash-scaled.jpg","type":"image\/jpeg"}],"twitter_card":"summary_large_image","twitter_misc":{"Dur\u00e9e de lecture estim\u00e9e":"1 minute"},"schema":{"@context":"https:\/\/schema.org","@graph":[{"@type":"WebPage","@id":"https:\/\/vicdeba.be\/","url":"https:\/\/vicdeba.be\/","name":"Home - Virginie De Baeremaeker","isPartOf":{"@id":"https:\/\/vicdeba.be\/#website"},"primaryImageOfPage":{"@id":"https:\/\/vicdeba.be\/#primaryimage"},"image":{"@id":"https:\/\/vicdeba.be\/#primaryimage"},"thumbnailUrl":"https:\/\/vicdeba.be\/wp-content\/uploads\/2021\/12\/tim-goedhart-vnpTRdmtQ30-unsplash-scaled.jpg","datePublished":"2021-12-30T15:01:48+00:00","dateModified":"2022-03-06T16:31:53+00:00","breadcrumb":{"@id":"https:\/\/vicdeba.be\/#breadcrumb"},"inLanguage":"fr-FR","potentialAction":[{"@type":"ReadAction","target":["https:\/\/vicdeba.be\/"]}]},{"@type":"ImageObject","inLanguage":"fr-FR","@id":"https:\/\/vicdeba.be\/#primaryimage","url":"https:\/\/vicdeba.be\/wp-content\/uploads\/2021\/12\/tim-goedhart-vnpTRdmtQ30-unsplash-scaled.jpg","contentUrl":"https:\/\/vicdeba.be\/wp-content\/uploads\/2021\/12\/tim-goedhart-vnpTRdmtQ30-unsplash-scaled.jpg","width":2560,"height":1707},{"@type":"BreadcrumbList","@id":"https:\/\/vicdeba.be\/#breadcrumb","itemListElement":[{"@type":"ListItem","position":1,"name":"Accueil","item":"https:\/\/vicdeba.be\/"},{"@type":"ListItem","position":2,"name":"Home"}]},{"@type":"WebSite","@id":"https:\/\/vicdeba.be\/#website","url":"https:\/\/vicdeba.be\/","name":"Virginie De Baeremaeker","description":"Psychologue Clinicienne","publisher":{"@id":"https:\/\/vicdeba.be\/#organization"},"potentialAction":[{"@type":"SearchAction","target":{"@type":"EntryPoint","urlTemplate":"https:\/\/vicdeba.be\/?s={search_term_string}"},"query-input":{"@type":"PropertyValueSpecification","valueRequired":true,"valueName":"search_term_string"}}],"inLanguage":"fr-FR"},{"@type":"Organization","@id":"https:\/\/vicdeba.be\/#organization","name":"Virginie De Baeremaeker","url":"https:\/\/vicdeba.be\/","logo":{"@type":"ImageObject","inLanguage":"fr-FR","@id":"https:\/\/vicdeba.be\/#\/schema\/logo\/image\/","url":"https:\/\/vicdeba.be\/wp-content\/uploads\/2022\/01\/cropped-cropped-traveling.png","contentUrl":"https:\/\/vicdeba.be\/wp-content\/uploads\/2022\/01\/cropped-cropped-traveling.png","width":842,"height":330,"caption":"Virginie De Baeremaeker"},"image":{"@id":"https:\/\/vicdeba.be\/#\/schema\/logo\/image\/"}}]}},"_links":{"self":[{"href":"https:\/\/vicdeba.be\/index.php\/wp-json\/wp\/v2\/pages\/18","targetHints":{"allow":["GET"]}}],"collection":[{"href":"https:\/\/vicdeba.be\/index.php\/wp-json\/wp\/v2\/pages"}],"about":[{"href":"https:\/\/vicdeba.be\/index.php\/wp-json\/wp\/v2\/types\/page"}],"author":[{"embeddable":true,"href":"https:\/\/vicdeba.be\/index.php\/wp-json\/wp\/v2\/users\/2"}],"replies":[{"embeddable":true,"href":"https:\/\/vicdeba.be\/index.php\/wp-json\/wp\/v2\/comments?post=18"}],"version-history":[{"count":63,"href":"https:\/\/vicdeba.be\/index.php\/wp-json\/wp\/v2\/pages\/18\/revisions"}],"predecessor-version":[{"id":351,"href":"https:\/\/vicdeba.be\/index.php\/wp-json\/wp\/v2\/pages\/18\/revisions\/351"}],"wp:featuredmedia":[{"embeddable":true,"href":"https:\/\/vicdeba.be\/index.php\/wp-json\/wp\/v2\/media\/48"}],"wp:attachment":[{"href":"https:\/\/vicdeba.be\/index.php\/wp-json\/wp\/v2\/media?parent=18"}],"curies":[{"name":"wp","href":"https:\/\/api.w.org\/{rel}","templated":true}]}}